 the units digit of q?
7
Suppose 6 - 50 = -2*q. Let u = q - 16. What is the units digit of u?
6
Let u = -31 - -16. Let o = 20 - u. What is the tens digit of o?
3
Let r(v) = -v**3 - 12*v**2 - 11*v + 5. Let x be r(-11). Suppose x*j + 149 = -41. Let h = 53 + j. What is the units digit of h?
5
Let r(a) = -a**3 + 6*a**2 - 4*a - 4. Let j be r(5). Suppose 0 = -h + j. What is the units digit of h?
1
Let f(j) = j. Let k be f(-3). Let u = -2 - k. What is the units digit of (u + 9/3)*2?
8
Let y be 6/((-3)/(-3) + 1). Suppose 3*r - y*w - 15 = 0, 3*w = 2 - 11. Suppose 4*g = -t - 6, -r*t + 3*g = -6*t + 2. What is the units digit of t?
2
Let j(u) = 57*u - 3. What is the units digit of j(3)?
8
Suppose 0*x - x - 5*h + 26 = 0, 4*h + 20 = 0. What is the tens digit of x?
5
Suppose -5*l + 372 = -9*l. Let v = l - -138. What is the units digit of v?
5
Let h(k) = 3*k**2 + 3*k - 8. Let i be h(7). Suppose 0*g = 4*g - i. What is the units digit of g?
0
Let v = 215 - 144. Suppose 3*h = -26 + v. What is the tens digit of h?
1
What is the tens digit of -3 - -6 - 1 - (-70 - 1)?
7
Suppose -5*k + 9 = -11. Suppose 9 = -k*b + 3*i + 24, 4*i = -2*b + 2. What is the units digit of b?
3
Let z be ((-14)/4)/((-1)/(-2)). Let y(c) = 15*c**2 - 7*c**2 - 1 + 5*c + c**3 - 7 + 1. What is the units digit of y(z)?
7
Let v(k) = k**3 + 18*k**2 - 25*k - 27. What is the units digit of v(-19)?
7
Suppose 0 = c - 3 - 2. Suppose -7 = -v - 3. Suppose 4*b = -v*l, -3*b = -b + c*l + 15. What is the units digit of b?
5
Suppose -5 + 45 = 5*j. Let d be j/(-28) - 30/(-7). Suppose d = -3*l + 7*l. What is the units digit of l?
1
Let a(v) = v**2 - v + 3. What is the units digit of a(0)?
3
Let n be (12/9)/((-3)/135). Let m be (n - 0)/((-3)/2). Suppose t = 6*t - m. What is the units digit of t?
8
Let y(w) = -w**3 + 5*w**2 - 6*w + 5. Let f be y(4). What is the units digit of 18/2*(-1)/f?
3
Let v = 26 - 27. Let t(d) = 3 - 3 + 12*d**2. What is the units digit of t(v)?
2
What is the tens digit of -3 + (3 - -2) - 172/(-2)?
8
Suppose 119 = 3*b - 238. What is the units digit of b?
9
Suppose 0 = -0*q + 5*q - 10. Suppose -h = 6 + q. What is the units digit of (-2)/h + (-46)/(-8)?
6
Let v = 77 + 7. What is the units digit of v?
4
Let v = 10 - 8. What is the units digit of v?
2
Let l(v) = v**3 + 4*v**2 + 2*v + 1. Let z(y) = -y**3 + 10*y**2 - 2. Let k be z(10). What is the units digit of l(k)?
5
Let a = -142 + 291. What is the tens digit of a?
4
Let i = 5 - 5. Suppose i = -b - 6 + 13. What is the units digit of b?
7
Let z = 1 - -1. What is the units digit of (-12)/2*(-1)/z?
3
Let b(l) = -l - 6*l**2 + 7*l**2 + 7*l**2 + 1. Let u be b(1). Let n = u - 0. What is the units digit of n?
8
Let w(o) = 3*o - 1. Let c be w(-4). Let z = 16 - c. What is the tens digit of z?
2
Let h = -23 + 58. Let f = -10 + h. Suppose 5*g = 5*s + 50, -2*g + f - 10 = -s. What is the units digit of g?
5
Let m(t) = 3*t**2 - 9*t - 15. Let i(d) = 4*d**2 - 9*d - 15. Let f(v) = 4*i(v) - 5*m(v). What is the units digit of f(-10)?
5
Suppose 1 = -i + 3. Suppose i*h - 47 = -4*m + 5, -4*m + 52 = -3*h. Suppose -2*r = -g + 4*g - 17, m = -g + 4*r. What is the units digit of g?
3
Let r = 4 + -2. Suppose 21 = j - r. What is the units digit of j?
3
Suppose 3*g - 3*d = 19 + 2, 5*d = 2*g - 26. Suppose 0 = -0*y - 4*y + g*s + 19, -13 = -3*y + s. What is the units digit of y?
4
Let n(y) = 3*y + 9. Let x be n(-8). Let j be 54/x*(-10)/4. Let f(t) = -t**2 + 10*t - 3. What is the units digit of f(j)?
6
Suppose 0 = -5*y - 4 + 144. What is the units digit of y?
8
Let l(f) = f**3 + f + 2. Let c be l(0). Let k = 93 - 66. Suppose -5*h + c*h + k = 0. What is the units digit of h?
9
Suppose -3 = -2*v + 5. Let p = -11 + 14. Suppose p = v*y - 21. What is the units digit of y?
6
Suppose 4*q - 1 = 3*b - 10, q = 3*b. Let w = -25 - -60. What is the tens digit of 1/3 - w/q?
1
Let z be (-2)/(-3) + (-8)/(-6). Let x(u) = -u**3 + 4*u**2 + 5*u. Let r be x(4). What is the tens digit of (r/16)/(z/16)?
1
Suppose -947 = -3*z + 5*d, -4*d = 3*z - 1502 + 564. What is the units digit of z?
4
Let m(i) = 1 + 5 - 4 - 5*i + 1. What is the units digit of m(-3)?
8
Let k(l) = -l**3 - 2*l**2 + 4*l - 2. What is the tens digit of k(-5)?
5
Let j = 2 - -2. Suppose 0 = j*z + 12, -3*a + 2*z + 2 = -16. What is the units digit of a?
4
Let c = 34 - 18. Suppose 3*u - c = -y, 5*u - 2*y - 16 = 3*u. What is the units digit of u?
6
Suppose 0 = 5*n + 308 - 733. What is the units digit of n?
5
Let p(l) = 4*l - 3*l - 2*l + 5. Let n be p(10). Let f = 0 - n. What is the units digit of f?
5
Let f be 2/(-4)*(9 - 1). Suppose 0 = 2*v + 4*j + 6, v - 2*j + 5*j + 4 = 0. Let p = v - f. What is the units digit of p?
3
Suppose -3*n = -2*n - 3*v - 7, -15 = -2*n + 5*v. What is the tens digit of n?
1
Suppose -3*z + 128 = 2*z + 3*w, -3*z + 78 = 3*w. Suppose -g = 3*c - z, -4*c + g = -43 + 5. What is the units digit of c?
9
Suppose 0 = 16*h - 1 - 623. What is the tens digit of h?
3
Let p(a) = -a**2 + 10*a + 8. What is the tens digit of p(5)?
3
Let o(i) = -i**2 + 30*i - 12. What is the tens digit of o(17)?
0
Let m = -40 - -193. What is the tens digit of m?
5
What is the units digit of (-1)/((2/(-43))/2)?
3
Suppose -31 = b + 2. Let t = b + 71. What is the units digit of t?
8
Let a(t) = t - 8. What is the units digit of a(15)?
7
Let a(c) = -c**2 + 9*c + 4. Let k be a(10). Let g = -5 - k. Suppose -3*x + 4 = g. What is the units digit of x?
1
Let b be ((-5)/(-3))/(14/42). Suppose -2*t = 5*s - 21, 0 = 3*t + s - b*s - 66. What is the tens digit of t?
1
What is the units digit of (-4878)/(-81) - ((-8)/9)/(-4)?
0
Let p be -3 - ((-2 - 3) + 0). Suppose -p*u + 8 = -2*z + 4*z, 12 = 5*z - 3*u. What is the units digit of z?
3
Let b = 103 - -19. What is the hundreds digit of b?
1
Suppose -2*u = 0, -4*t - 2 = -5*u + 2. Let x = 4 + t. Suppose 2*s + 7 = x*s. What is the units digit of s?
7
Suppose r + 3*r + 3*g - 54 = 0, -2*r + 16 = -4*g. Let m = -7 + r. Suppose 0 = -m*i + 17 - 7. What is the units digit of i?
2
Let f(y) = y**3 - 8*y**2 + 8*y + 7. What is the hundreds digit of f(9)?
1
Suppose 142 = 3*b - p, b = -2*p - 2*p + 43. What is the tens digit of b?
4
Let y(m) = -2*m + 1. Let o be y(1). What is the units digit of 70/8 + o/(-4)?
9
Let p(m) = m**3 + 4*m**2 + 2*m - 1. Let h be p(-3). What is the units digit of (1/h)/((-2)/(-36))?
9
Let l(i) = 41*i**3 - i**2 + i. Let t be l(1). Suppose -1 = 4*p - t. Suppose -y + p = 1. What is the units digit of y?
9
Let f = -10 - -15. Suppose -f*k + 8*i - 3*i + 285 = 0, -227 = -4*k + 3*i. What is the tens digit of k?
5
Let x = -5 - -6. Let s(p) = -x - 6*p + 5*p + 2. What is the units digit of s(-5)?
6
Suppose -6*c = -2*c + 36. Let z = c - -18. Suppose 0 = 12*w - z*w - 3. What is the units digit of w?
1
Let g be -1 - (1 + (-3)/1). Let j be (-1 - -3)*3/g. Suppose 0 = 4*t - 4, -2*o + 5 = t - j. What is the units digit of o?
5
Suppose 3*c - 5*x + x = 16, 7 = 2*c + x. Let w(m) = 5*m - c - 4*m**2 + 0*m + 5*m**2. What is the tens digit of w(-7)?
1
Suppose -l + 66 = l. Suppose 0 = 4*j - j - l. What is the tens digit of j?
1
Let a = 0 + 0. Suppose -2*p + 5 + 1 = a. Suppose -p*y = y - 28. What is the units digit of y?
7
Suppose -3*w = w - 40. Let n be (1 - 6)*4/w. Let v = n + 3. What is the units digit of v?
1
Let d = 34 - -1. What is the tens digit of d?
3
Let t(k) = 4*k**2 - 8*k + 3. What is the hundreds digit of t(7)?
1
Let u(n) = -n**3 + 7*n**2 - 2*n - 5. Let t be u(6). Let j = 38 - t. What is the tens digit of j?
1
Suppose 0 = -x - 9*x + 170. What is the tens digit of x?
1
Suppose -3*o - 3*y = -o - 253, 0 = 5*y + 5. Suppose -4*m = -8*m + o. What is the tens digit of m?
3
Suppose 2*f - 43 - 1 = 0. What is the units digit of f/(-77) + (-16)/(-7)?
2
Let g(y) = y**2 + 9*y + 2. Let o be g(-9). Suppose o*w - 10 = -3*t, t + w - 2*w = 5. Suppose -q = -13 + t. What is the units digit of q?
9
Suppose j + 0*j - 4 = 0. Suppose 0 = -j*k + 5*d + 25, 4*k = -d - 5. Suppose s + 4 - 9 = k. What is the units digit of s?
5
Suppose 2*b + 5*b = 2016. What is the hundreds digit of b?
2
Let n = 0 + 3. Let j(f) = -f**2 + f - 2. Let c be j(n). What is the units digit of -1*(6 + -3) - c?
5
Suppose -4*y + 13 = 1, 5*g - 2*y - 119 = 0. Let j = 9 + g. What is the units digit of j?
4
What is the units digit of -48*(2 - 11/4)?
6
Let n(m) = -m**3 - m**2 - 4*m - 3. 